 - 53597. Calculate l(58).
53
Let a(p) = -9*p**3 - 3*p**2 + 18*p + 43. What is a(-5)?
1003
Let m(p) = -p**2 + 4965*p - 69294. Give m(14).
20
Let i(a) = 5*a**2 - 144*a + 925. Give i(6).
241
Let g(j) = 6*j + 551. Determine g(8).
599
Let i(o) = -o**3 + 27*o**2 - 32*o + 157. What is i(26)?
1
Let n(m) = -36*m**3 + 16*m**2 - 10*m + 39. What is n(-4)?
2639
Let o(r) = -2750*r - 68167. Give o(-25).
583
Let r(u) = -9*u**3 + 194*u**2 - 923*u + 23. What is r(7)?
-19
Let h(i) = -160690*i - 321374. Calculate h(-2).
6
Let y(p) = p**2 - 29735*p - 803480. Determine y(-27).
94
Let z(g) = 234*g**3 + g**2 + 2*g + 2. Calculate z(-1).
-233
Let f(b) = -575*b + 117153. Determine f(204).
-147
Let s(k) = 10718*k - 64493. Determine s(6).
-185
Let o(n) = -n**3 + 4*n**2 - 189*n + 1299. Determine o(6).
93
Let a(h) = 7*h**2 - 111*h + 337. What is a(12)?
13
Let a(r) = -483*r + 1396. What is a(2)?
430
Let y(o) = o**3 - 141*o**2 - 289*o + 249. What is y(143)?
-180
Let o(q) = 32*q**2 - 297*q + 629. Give o(6).
-1
Let c(l) = 2237*l - 75947. Calculate c(34).
111
Let o(v) = 18*v**3 - 3*v**2 + 42576*v - 42575. Determine o(1).
16
Let m(f) = f**3 - 31*f**2 - 6166*f + 196345. Determine m(32).
57
Let r(j) = j**2 + 74*j + 2661. Give r(-53).
1548
Let i(y) = 2*y**3 + 81*y**2 + 806*y - 407. Determine i(-20).
-127
Let b(q) = 6*q**3 + 954*q**2 - 12*q - 1915. Give b(-159).
-7
Let o(t) = 8816*t - 1128458. Calculate o(128).
-10
Let y(z) = -4*z**2 - 77*z - 11. Determine y(-17).
142
Let o(d) = 256607*d + 3335899. What is o(-13)?
8
Let y(g) = -4757*g - 1084600. Calculate y(-228).
-4
Let v(c) = 2*c**3 + 33*c**2 + 452*c + 6961. Give v(-16).
-15
Let j(p) = -p**2 - 3423*p - 98397. What is j(-29)?
29
Let q(c) = -2*c**2 - 873*c - 25881. What is q(-32)?
7
Let o(a) = 283*a - 40675. Give o(143).
-206
Let z(u) = 2*u**2 - 537*u - 16583. What is z(293)?
-2226
Let g(p) = 2199*p + 72508. What is g(-33)?
-59
Let t(l) = 136*l**2 - 2971*l - 360. What is t(22)?
102
Let h(j) = -3*j**2 - 576*j + 1353. Determine h(-198).
-2211
Let w(a) = -17*a**2 - 729*a - 6872. Calculate w(-14).
2
Let k(b) = 9933*b - 2572624. Give k(259).
23
Let b(l) = -1123*l**2 - 531183*l - 1866. Give b(-473).
26
Let c(k) = 2*k**3 - 30*k**2 + 115*k - 1696. Give c(15).
29
Let k(y) = 8*y**3 - 5434*y**2 + 1334*y + 16301. Determine k(679).
5
Let p(k) = k + 1286. Calculate p(-37).
1249
Let h(o) = 9*o**3 + 879*o**2 + 576*o - 588. Calculate h(-97).
-6
Let y(i) = 619*i - 1671. Give y(3).
186
Let l(r) = -8*r - 2751. Calculate l(72).
-3327
Let r(n) = -195*n**2 + 1656*n - 1656. Give r(1).
-195
Let x(o) = -87*o**2 + 353*o - 1073. What is x(3)?
-797
Let j(k) = -48*k - 12800. Calculate j(-212).
-2624
Let s(a) = 8*a**2 - 6546*a + 995860. Give s(202).
0
Let a(w) = -738*w + 45631. What is a(62)?
-125
Let i(d) = 4*d**2 - 2969*d + 431046. What is i(198)?
0
Let j(p) = -p**3 - 28*p**2 + 297*p - 366. Calculate j(-35).
-2186
Let l(i) = 61842*i + 1607813. What is l(-26)?
-79
Let f(s) = 4*s**2 - 33*s + 61. What is f(10)?
131
Let x(n) = -2*n**2 - 1166*n + 92843. Give x(-654).
-25
Let q(u) = -22553*u - 43393. What is q(-2)?
1713
Let f(r) = r**3 + 164*r**2 + 4777*r + 132. What is f(-38)?
550
Let i(s) = -15*s**3 - 106*s**2 + 118*s + 857. Give i(-8).
809
Let q(p) = -1106*p**2 + 530878*p + 979. What is q(480)?
19
Let f(d) = -3830*d + 11421. Give f(3).
-69
Let z(p) = 141*p - 9917. Determine z(70).
-47
Let j(o) = o**3 - 61*o**2 + 418*o - 25501. Calculate j(61).
-3
Let h(p) = -2*p**2 - 205*p + 16473. Calculate h(53).
-10
Let x(y) = y**3 - 265*y**2 + 596*y - 18451. What is x(263)?
-41
Let r(q) = -1377567*q + 1377560. Determine r(1).
-7
Let x(f) = 2*f**2 - 327*f - 3323. Determine x(-11).
516
Let v(a) = -949*a**2 + 28478*a - 297. Calculate v(30).
-57
Let q(w) = -4195*w - 184570. Calculate q(-44).
10
Let b(k) = -k**2 - 251*k - 15686. Calculate b(-122).
52
Let m(k) = -290*k + 16350. Give m(57).
-180
Let v(h) = 426*h**3 - 2*h**2 - 18*h - 18. What is v(-1)?
-428
Let q(m) = 1318*m - 3912. What is q(4)?
1360
Let m(d) = -6*d**3 + 1713*d**2 + 842*d + 4200. Determine m(286).
-376
Let a(j) = 5*j**2 + 327*j + 358. Determine a(-64).
-90
Let q(p) = p**3 + 31*p**2 - 2323*p + 483. Calculate q(35).
28
Let i(l) = l**2 - 275*l + 13927. Determine i(208).
-9
Let a(f) = 85*f**3 - 11304*f**2 - 134*f + 171. Calculate a(133).
38
Let m(b) = 282*b**3 - 1912*b**2 - 1908*b + 5. Calculate m(-1).
-281
Let o(a) = 2061*a + 1584845. Give o(-769).
-64
Let t(n) = 43*n**2 - 200*n + 1546. What is t(8)?
2698
Let q(o) = 2*o**3 - 1044*o**2 - 10630*o - 5265. What is q(532)?
55
Let z(q) = -q**3 + 36*q**2 - 103*q + 2056. Determine z(35).
-324
Let r(f) = -21*f**3 - 2207*f**2 - 9*f + 21113. What is r(-105)?
8
Let a(y) = y**3 + 54*y**2 - 181*y - 58. What is a(-57)?
512
Let v(x) = 1454*x + 87718. Determine v(-62).
-2430
Let t(n) = 103*n**2 + 52*n - 263. Determine t(6).
3757
Let m(h) = 122*h - 3598. What is m(31)?
184
Let q(d) = -11*d**2 + 606*d + 2270. Determine q(58).
414
Let v(r) = 32*r**2 + 95*r - 3. What is v(-3)?
0
Let y(j) = j**3 - 318*j**2 + 17189*j - 1970. What is y(249)?
22
Let o(y) = -177*y - 3370. What is o(-19)?
-7
Let i(f) = 20*f**2 - 4700*f - 9504. What is i(237)?
-24
Let x(r) = -394*r - 1919. Calculate x(-5).
51
Let y(f) = 2*f**2 + 246*f - 227. Calculate y(-124).
21
Let b(c) = 5*c**2 - 494*c - 13210. Calculate b(-22).
78
Let l(z) = -z**2 + 506*z - 37109. Give l(89).
4
Let v(r) = 660*r + 1449. Calculate v(-2).
129
Let t(r) = 3761*r + 1395325. What is t(-371)?
-6
Let f(d) = 4*d**3 - 85*d**2 + 31*d - 148. What is f(21)?
62
Let b(f) = -16*f**2 + 1830*f - 177. Determine b(114).
507
Let i(w) = 680*w - 1441. What is i(2)?
-81
Let t(m) = -1247*m**2 + 6242*m - 51. What is t(5)?
-16
Let o(j) = j**3 - j**2 - 63110*j + 252449. What is o(4)?
57
Let d(h) = 5*h**2 + 169*h + 341. What is d(-36)?
737
Let y(r) = -r**3 - 82*r**2 - 393*r - 602. Calculate y(-77).
14
Let g(j) = 137*j + 22031. Determine g(-162).
-163
Let h(n) = -37*n**2 - 22690*n + 45383. Determine h(2).
-145
Let b(j) = 1749*j + 8744. What is b(-5)?
-1
Let u(m) = -156*m**2 - 32146*m - 2060. Determine u(-206).
0
Let a(m) = 13*m**3 - 52*m**2 - 3*m + 16. Give a(4).
4
Let o(v) = 1302*v - 40498. What is o(31)?
-136
Let q(l) = 6085*l - 730189. Calculate q(120).
11
Let n(h) = 7*h**2 + 59*h - 14. What is n(-8)?
-38
Let r(c) = -c**2 - 4553*c + 272140. What is r(59)?
32
Let b(v) = 2146*v + 8600. What is b(-4)?
16
Let h(n) = 10*n + 911. What is h(-90)?
11
Let q(h) = 5*h**2 + 190*h + 822. Determine q(-33).
-3
Let z(t) = 1029*t**2 - 447*t + 445. Determine z(1).
1027
Let b(r) = 2*r**3 - 45*r**2 + 72*r - 10516. Give b(28).
124
Let b(t) = -t**3 + 22*t**2 + 20*t + 37. Calculate b(23).
-32
Let r(j) = -2*j**2 - 229*j + 3229. What is r(-127)?
54
Let j(y) = -2*y**2 + 2553*y + 263523. Give j(-96).
3
Let m(i) = 34*i + 1378. What is m(-26)?
494
Let x(r) = -124567*r - 1121119. Calculate x(-9).
-16
Let f(p) = 971*p - 54567. Calculate f(57).
780
Let a(r) = -55*r**3 + 1923*r**2 + 63*r + 227. Calculate a(35).
-18
Let o(q) = 6395*q - 11986. What is o(2)?
804
Let w(v) = -9*v**2 - 1789*v + 551. Calculate w(-199).
153
Let y(h) = -2*h**3 + 16*h**2 + 2035*h - 19945. Give y(10).
5
Let n(s) = 3*s**2 + 431*s + 2654. Determine n(-6).
176
Let z(i) = -8138*i - 1163713. What is z(-143)?
21
Let a(v) = -3*v**3 + 65*v**2 - 227*v + 49. Calculate a(4).
-11
Let a(b) = b**2 + 3575*b - 195685. Calculate a(54).
281
Let j(t) = -5406*t - 145948. Calculate j(-27).
14
Let i(p) = -42*p + 4284. Calculate i(107).
-210
Let b(w) = -4*w**2 - 1711*w - 136201. Give b(-322).
5
Let z(c) = -5*c**3 + 664*c**2 - 383*c - 284. What is z(1)?
-8
Let w(l) = -5*l**3 - 872*l**2 - 1733*l + 34. Calculate w(-2).
52
Let n(r) = -35*r**2 + 3151*r - 61975. What is n(61)?
1
Let p(h) = -3*h**3 + 4*h**2 + 40*h + 135. What is p(-4)?
231
Let w(g) = -37*g**2 + 1905*g - 4346. Determine w(49).
162
Let h(a) = -a**2 + 126*a + 2706. Determine h(144).
114
Let t(j) = 120*j + 1997. What is t(-16)?
77
Let m(x) = -555*x + 53845. Determine m(97).
10
Let w(s) = 2*s**2 - 230*s - 66017. Determine w(248).
-49
Let c(b) = 4*b**2 + 296*b + 3709. Give c(-61).
537
Let v(y) = 12727*y - 3728915. Give v(293).
96
Let q(m) = 486*m**2 - 38*m - 19. Give q(-1).
505
Let f(j) = 2*j**3 + 13*j**2 - 133*j - 710. Give f(-5).
30
Let d(q) = 17558*q - 122949. What is d(7)?
-43
Let b(g) = 16